termine x(4).
-8
Let t(d) = -d - 3. Let l be (12/10)/((-6)/(-40)). Let p = l - 10. Let z(j) = 3*j + 1. Let r be z(p). What is t(r)?
2
Let k(o) = -6*o + 5. Let u(m) = m. Suppose -14 = 2*y + 5*s + 13, -3*y + 2*s + 7 = 0. Let i(l) = y*k(l) - 5*u(l). Suppose -n = 4*n + 20. What is i(n)?
-9
Let l(d) = d**2 - 8*d - 8. Let v(c) = c + 1. Let o(k) = l(k) + 2*v(k). What is o(8)?
10
Let n(k) = -k**3 - 8*k**2 - 6*k. Suppose 4*r + 17 + 11 = 0. Determine n(r).
-7
Suppose 3*l = 15 - 6. Suppose 2*d - l*d + 3 = 0. Let a(m) = -m**2 + 3. Determine a(d).
-6
Let z(q) = -2 + 0 - 2*q + 1 + 0. Determine z(1).
-3
Let f(u) be the third derivative of -u**5/60 - u**4/24 - u**3/6 + 2*u**2. Determine f(-2).
-3
Let c(v) = -2*v**3 - 1 + v**3 - v**2 + 4 + 3*v - v**2. Calculate c(-3).
3
Let z(f) = -f**2 + f. Let q(b) = b**2 + 7*b - 1. Let n(r) = q(r) - 5*z(r). Determine n(1).
7
Let a(o) = 7*o - 4 - 12*o**2 - 2*o**2 + 13*o**2. Suppose -2 = -5*y + 23. Give a(y).
6
Let i(m) = 9*m + 5*m - 25*m + 1 + 5*m. What is i(2)?
-11
Let z be -4 + 0 + (-3 - -5). Let r(b) = -b**2 - 1. Give r(z).
-5
Suppose 7 + 2 = 3*m. Let b(l) = -m*l**2 + 6 + 4*l**2 - 2 - 1. What is b(0)?
3
Let h(p) = -2*p - 2. Let n be h(-2). Let l(a) = 2*a - n + a**2 + 3 - a. Suppose -4*f + f - 5 = -y, 4*f - 5 = -y. Give l(f).
1
Let h(c) = -4*c**2 - 2*c - 1. Let s be h(-1). Let k(q) = -q**3 - 4*q**2 - 3 + q + 2*q**2 - 1. Give k(s).
2
Let c(f) = 4 - 9*f - 4. Let m(d) = -d**3 - 3*d**2 + 4*d + 1. Let w = 11 - 15. Let n be m(w). Determine c(n).
-9
Let r = 24 - 18. Let b(o) = -4*o + r + 6*o - o. Determine b(6).
12
Let n(c) = -c**2 + 5*c - 6. Let w(o) = 1. Let p(v) = -n(v) - 5*w(v). Let i be p(4). Let j(r) = r. Calculate j(i).
-3
Suppose r = -4, 5 + 6 = -3*o - 5*r. Let n(j) = -10*j**3 + 22*j**2 + j - 9. Let a(g) = -3*g**3 + 7*g**2 - 3. Let c(s) = -7*a(s) + 2*n(s). Give c(o).
-9
Suppose -x - 2*x + 24 = 0. Let r(t) = t**2 - 7*t - 6. Calculate r(x).
2
Let i(w) = w. Let v(g) = -19*g**2 - 11*g + 5. Let r(u) = 4*u**2 + 2*u - 1. Suppose f = 1 - 3. Let n(z) = f*v(z) - 11*r(z). Let h be n(1). Give i(h).
-5
Let c(b) be the third derivative of 0 - 1/24*b**4 + 1/6*b**3 + 0*b + 11*b**2. Give c(-2).
3
Let l(o) = o**3 - 5*o**2 + 4*o - 2. Suppose -28*v = -23*v - 20. Determine l(v).
-2
Let t(x) = -6*x + x**3 - 22 - 3*x**2 + 44 - 21. Suppose -5*w = -2*i - 22 - 4, -2*i - 6 = 0. Calculate t(w).
-7
Let x(o) = -6*o + o + 3*o + 7. Let m(a) = -a + 4. Let s be m(2). Suppose 0 = -5*n - s*w + 29, -24 = -4*n - 2*w - 0*w. What is x(n)?
-3
Let j(m) be the first derivative of 12*m - 1/2*m**2 - 3. Calculate j(6).
6
Let p(y) = -4*y + 9. Let d be p(0). Let c(r) = r - 6. Determine c(d).
3
Let y(n) be the second derivative of 0 + 3*n + 0*n**2 - 1/6*n**3. Determine y(0).
0
Let h = 27 + -33. Let q(b) = -5*b**2 - 10*b - 4. Let l(m) = m**2 + m. Let a(v) = -4*l(v) - q(v). Calculate a(h).
4
Let p be (-12)/54 + (-22)/(-18). Let z be p/(-2) - (-5)/2. Let n(y) = -y - 2*y**3 - z + 3 - 2*y**2 + y. What is n(1)?
-3
Let g(x) be the first derivative of x + 0*x**2 - 5/2*x**4 + 0*x**3 + 7. Let y(h) = -h**2 - 4*h - 1. Let m be y(-4). What is g(m)?
11
Let s(r) be the second derivative of r**5/20 + r**4/2 - 4*r**3/3 - 3*r**2/2 + 5*r. Let c be s(-7). Let j(q) = q**3 - q + 1 + 0*q**3 - 3 - 4*q**2. What is j(c)?
-6
Let l(o) = o**2 - 8*o - 10. Let n be 6/(-96)*-8 - 26/(-4). What is l(n)?
-17
Let c = 35 - 25. Let s = c + -4. Suppose -s = 5*i + 19. Let y(t) = -t**3 - 4*t**2 + 4*t + 4. Calculate y(i).
9
Suppose 0 = 2*j - 0*o + 2*o - 6, -3*j + 3*o = 3. Let z(r) = -11*r**2 - 2*r + 1. Determine z(j).
-12
Suppose -4*i - 8 = 2*p, -2*i + 12 = -3*p - 5*i. Let a(k) = 10*k + 12. Let m(w) = w + 1. Suppose 3*h + 4 = h. Let v(n) = h*a(n) + 18*m(n). What is v(p)?
2
Let d(v) = 8*v + 6. Let i(x) = -5*x - 4. Let w(f) = 5*d(f) + 7*i(f). Let a(k) = k - 3. Let j be a(1). Calculate w(j).
-8
Let f(l) = -3*l - 6. Let r be 1 + -3 + (-2 - -6). Suppose j + 76 = r*j. Let d be j/(-16) - 6/(-8). Calculate f(d).
6
Let n(k) = -k. Let c(h) = 6*h. Let z(b) = -2*c(b) - 6*n(b). Calculate z(-1).
6
Let p(u) = u**2 - 3*u + 7. Let y be p(3). Let a(s) = s**2 - 6*s + 3. What is a(y)?
10
Suppose 2*q = r - 13, r + 2*r = 4*q + 29. Let h(p) = 2 + 4*p**2 + 4 - 2*p - 4 - r. Give h(2).
11
Let x(f) = -f - 6. Let h be x(-8). Let k(d) = -d + d**2 - d + h*d - 2*d. Calculate k(2).
0
Let u(n) = n**3 - n - 1. Let b(o) = -4*o**3 - 3*o**2 + 2*o + 1. Let l(v) = -b(v) - 5*u(v). What is l(3)?
13
Let l be (-3)/(6/(-4)*1). Let x(d) = 4*d**2 - 2*d**2 - 2*d**2 + 6*d**l - 1. What is x(-1)?
5
Let m be 4 + 3/(-3) - 3. Let h(p) = p**3 + p + 2. Give h(m).
2
Suppose -5*k = -0*k - 5. Let w(c) = c - 1. Let f(j) = -5*j + 10. Let n(q) = k*f(q) + 6*w(q). Suppose 5*t + 31 = -4*r, 0 = -3*t + r - 4 - 1. Determine n(t).
1
Let l(j) = -j**2 + 5 - 2 + 0 - j - 2. Let r(h) = -2*h**2. Let v be (-1)/2*2*-1. Let k be r(v). Calculate l(k).
-1
Let v(x) = -5*x**2 + 5*x + 2. Let l(j) = 11*j**2 - 11*j - 4. Let z(p) = 6*l(p) + 13*v(p). Give z(-2).
8
Let x be -4 + 0 - 12/(-6). Let f(p) = 3*p**2 - 3*p - 2. Give f(x).
16
Let p(y) = -2*y - 10. Let t(f) = -f**2 + 5*f + 29. Let x be t(9). Calculate p(x).
4
Let z(g) be the second derivative of -g**3/6 + 11*g**2/2 - g. Calculate z(0).
11
Suppose -19 = 6*h + 5. Let b(p) = p + 7. What is b(h)?
3
Let u(x) = -4*x**2 - 2*x + 4*x - 2*x - x + 4. Let q(y) = 5*y**2 - 5. Let n(b) = 5*q(b) + 6*u(b). Calculate n(5).
-6
Let y(k) = -2*k**2 + 2*k - 5. Let d(c) = 4*c**2 - 5*c + 10. Let z(f) = 4*d(f) + 7*y(f). Let t(g) be the first derivative of z(g). What is t(4)?
10
Suppose -3*o - 2*f + 7 = 20, -4*o - 5*f - 15 = 0. Let h(v) = v + 11. Determine h(o).
6
Let g(d) = -4*d + 15. Let t(j) = 7*j - 30. Let o(c) = 5*g(c) + 3*t(c). Give o(0).
-15
Let b(l) = 15 - 9 - 5 + 21*l. Give b(-1).
-20
Let j(i) be the third derivative of -i**4/24 - 6*i**2. Let h = -1 - -3. Suppose h*u - 7*u = -25. Determine j(u).
-5
Let t(m) be the second derivative of -m**5/20 - 2*m**4/3 - 7*m**3/6 - 2*m**2 - 3*m. Let s = -79 - -72. Determine t(s).
-4
Let d(m) be the first derivative of m**2/2 - 4*m + 51. What is d(0)?
-4
Let v(c) = -c**2 - 5*c + 7. Let h(m) = m - 7. Let s be h(9). Let i(r) = -r**3 - 6*r**2 - 3*r + 7. Let p be i(-5). Let t = p - s. Determine v(t).
7
Let t(z) = 17*z**2 + 2*z + 2. Let g(o) = 2*o**2 + o + 1. Let p(j) = -2*g(j) + t(j). What is p(-1)?
13
Let s(t) = t**3 - 10*t**2 - 4. Let x be 7/(-21) - 93/(-9). Give s(x).
-4
Let c(a) = a**3 + a**2 - a + 6. Let l be (-2)/9 - 11/(-9). Suppose -p + 0 = l. Let y = p + 1. Determine c(y).
6
Suppose -2*w + w = -2*x - 3, 0 = 2*w + 3*x + 8. Suppose -2*r = -r. Let m(i) = i**3 + 2*i**3 + r*i**3 + 1. Calculate m(w).
-2
Let t(w) be the first derivative of -w**4/4 - w**3/3 + w**2/2 - w - 34. What is t(2)?
-11
Let y(l) = -l**2 + l + 4. Let v = 36 - 33. Give y(v).
-2
Let v(n) = -15 - n + 8 - n + n. Determine v(-4).
-3
Let b = 46 - 41. Let s(a) be the third derivative of a**5/60 - a**4/12 - 7*a**3/6 + a**2. What is s(b)?
8
Let q(o) = o - 6. Let u be q(9). Let n(m) = 4*m**3 + 3*m**2 - 4*m + 7. Let b(t) = t**3 + 1. Let s(f) = 5*b(f) - n(f). What is s(u)?
10
Let d = 42 - 40. Let t(k) = -2*k**2 + 3*k - 2. What is t(d)?
-4
Let b(v) = v**3 + 11*v**2 + 17*v - 3. Let g be b(-9). Let z(w) = -w**2 + 4*w + 7. Let h be z(5). Let p(u) = -u**2 + 6 + h*u - 1 + 4*u. Give p(g).
5
Let q = -6 - 0. Let y = 10 + q. Let g be (0/(-2))/(y + -6). Let j(h) = -h**3 + h**2 - h - 5. Give j(g).
-5
Let c(y) be the second derivative of y**5/20 - y**4/12 + 13*y**2/2 + 8*y. What is c(0)?
13
Suppose h + 3*f = -3*h + 24, -3*h = -2*f - 18. Let j(v) = -v**3 + 6*v**2 + 3. Calculate j(h).
3
Let m(d) = -605 + 605 + d. Give m(-6).
-6
Suppose 8 = -2*p + 4*p. Let y be (-94)/18 - p/(-18). Let v(n) = n**2 + 5*n + 4. Determine v(y).
4
Let g(v) = v**3 + v**2 - v + 4. Suppose 0 = 4*r - 0 + 12. Calculate g(r).
-11
Let v(c) = -7 - 3*c**3 + 3*c**2 + 3*c - 6*c + 3*c**2 + 2*c**3. Suppose -4*n = -29 + 9. Determine v(n).
3
Suppose 0 = -6*a + 10*a. Let i(n) be the second derivative of a + 3/2*n**2 + 1/12*n**4 + 4*n + 1/2*n**3. What is i(-2)?
1
Let q(y) = -3*y + 4. Let h(j) = 3*j - 5. Let g(k) = -3*k + 5. Let o(p) = -3*g(p) - 4*h(p). Let t(l) = 6*o(l) - 7*q(l). Calculate t(-3).
-7
Let u(p) = -7*p**3 + 2*p**2 - 1. Let i(a) = 2*a**2 - 8*a + 7. Let l(n) = n**2 - n. Let q(j) = i(j) - l(j). Let o be q